{"id":17,"date":"2017-11-01T09:37:01","date_gmt":"2017-11-01T09:37:01","guid":{"rendered":"http:\/\/husdyrfoto.no\/?page_id=17"},"modified":"2018-08-01T09:05:14","modified_gmt":"2018-08-01T09:05:14","slug":"bestilling","status":"publish","type":"page","link":"https:\/\/www.husdyrfoto.no\/?page_id=17","title":{"rendered":"Bestilling"},"content":{"rendered":"<p><!--more-->Ved bestilling, send mail til\u00a0<a href=\"mailto:vera@husdyrfoto.no\" target=\"_blank\" rel=\"noopener\">vera@husdyrfoto.no<\/a><\/p>\n<p>Skriv bildenummer, boktittel eller antall postkort du \u00f8nsker \u00e5 kj\u00f8pe.<\/p>\n<p>Jeg oppgir s\u00e5 bel\u00f8pet inkl porto, kontonummer\/vipps.<\/p>\n<p>N\u00e5r bel\u00f8pet er innbetalt \u00a0sender jeg varene. \u00a0Jeg f\u00f8lger postens portosatser.<\/p>\n<p><strong><span style=\"color: #ff0000;\">Kj\u00f8per du for mer enn 1.500.- kr. betaler jeg all frakt.<\/span><\/strong><\/p>\n<p>&nbsp;<\/p>\n<div class=\"entry-content clearfix\">\n<p><strong>Om reklamasjon<\/strong><\/p>\n<p>Hvis det er produksjons- eller transportfeil p\u00e5 varene du mottar kan du returnere dem, og jeg betaler returportoen. Men ring meg f\u00f8rst. Varene blir grundig sjekket og pakket veldig godt, s\u00e5 sjansen for at det likevel g\u00e5r galt er liten.<\/p>\n<p>&nbsp;<\/p>\n<\/div>\n","protected":false},"excerpt":{"rendered":"","protected":false},"author":1,"featured_media":0,"parent":0,"menu_order":0,"comment_status":"closed","ping_status":"closed","template":"","meta":{"footnotes":""},"class_list":["post-17","page","type-page","status-publish","hentry"],"_links":{"self":[{"href":"https:\/\/www.husdyrfoto.no\/index.php?rest_route=\/wp\/v2\/pages\/17","targetHints":{"allow":["GET"]}}],"collection":[{"href":"https:\/\/www.husdyrfoto.no\/index.php?rest_route=\/wp\/v2\/pages"}],"about":[{"href":"https:\/\/www.husdyrfoto.no\/index.php?rest_route=\/wp\/v2\/types\/page"}],"author":[{"embeddable":true,"href":"https:\/\/www.husdyrfoto.no\/index.php?rest_route=\/wp\/v2\/users\/1"}],"replies":[{"embeddable":true,"href":"https:\/\/www.husdyrfoto.no\/index.php?rest_route=%2Fwp%2Fv2%2Fcomments&post=17"}],"version-history":[{"count":47,"href":"https:\/\/www.husdyrfoto.no\/index.php?rest_route=\/wp\/v2\/pages\/17\/revisions"}],"predecessor-version":[{"id":678,"href":"https:\/\/www.husdyrfoto.no\/index.php?rest_route=\/wp\/v2\/pages\/17\/revisions\/678"}],"wp:attachment":[{"href":"https:\/\/www.husdyrfoto.no\/index.php?rest_route=%2Fwp%2Fv2%2Fmedia&parent=17"}],"curies":[{"name":"wp","href":"https:\/\/api.w.org\/{rel}","templated":true}]}}