{"id":10,"date":"2017-11-01T09:27:08","date_gmt":"2017-11-01T09:27:08","guid":{"rendered":"http:\/\/husdyrfoto.no\/?page_id=10"},"modified":"2018-08-01T10:09:18","modified_gmt":"2018-08-01T10:09:18","slug":"bildene-mine","status":"publish","type":"page","link":"https:\/\/www.husdyrfoto.no\/?page_id=10","title":{"rendered":"Bildene  mine"},"content":{"rendered":"<p>Denne &laquo;smart slideren&raquo; er bare en liten smakspr\u00f8ve p\u00e5 bildene. Syns den er litt t\u00f8ff:))<\/p>\n<p>Bildene er sortert etter dyreslag. Da er lett \u00e5 se hva jeg har av hest, ku, sau osv. \u00a0Er det eks b\u00e5de hest og hund p\u00e5 bildet ligger det i begge kategorier + kanskje ogs\u00e5 For barna.<\/p>\n<p>&nbsp;<\/p>\n\n","protected":false},"excerpt":{"rendered":"<p>Denne &laquo;smart slideren&raquo; er bare en liten smakspr\u00f8ve p\u00e5 bildene. Syns den er litt t\u00f8ff:)) Bildene er sortert etter dyreslag. Da er lett \u00e5 se hva jeg har av hest, ku, sau osv. \u00a0Er det eks b\u00e5de hest og hund<\/p>\n","protected":false},"author":1,"featured_media":504,"parent":0,"menu_order":0,"comment_status":"closed","ping_status":"closed","template":"","meta":{"footnotes":""},"class_list":["post-10","page","type-page","status-publish","has-post-thumbnail","hentry"],"_links":{"self":[{"href":"https:\/\/www.husdyrfoto.no\/index.php?rest_route=\/wp\/v2\/pages\/10","targetHints":{"allow":["GET"]}}],"collection":[{"href":"https:\/\/www.husdyrfoto.no\/index.php?rest_route=\/wp\/v2\/pages"}],"about":[{"href":"https:\/\/www.husdyrfoto.no\/index.php?rest_route=\/wp\/v2\/types\/page"}],"author":[{"embeddable":true,"href":"https:\/\/www.husdyrfoto.no\/index.php?rest_route=\/wp\/v2\/users\/1"}],"replies":[{"embeddable":true,"href":"https:\/\/www.husdyrfoto.no\/index.php?rest_route=%2Fwp%2Fv2%2Fcomments&post=10"}],"version-history":[{"count":15,"href":"https:\/\/www.husdyrfoto.no\/index.php?rest_route=\/wp\/v2\/pages\/10\/revisions"}],"predecessor-version":[{"id":689,"href":"https:\/\/www.husdyrfoto.no\/index.php?rest_route=\/wp\/v2\/pages\/10\/revisions\/689"}],"wp:featuredmedia":[{"embeddable":true,"href":"https:\/\/www.husdyrfoto.no\/index.php?rest_route=\/wp\/v2\/media\/504"}],"wp:attachment":[{"href":"https:\/\/www.husdyrfoto.no\/index.php?rest_route=%2Fwp%2Fv2%2Fmedia&parent=10"}],"curies":[{"name":"wp","href":"https:\/\/api.w.org\/{rel}","templated":true}]}}